716963.
49
What is the greatest common divisor of 106 and 27410116?
106
Calculate the highest common factor of 106220 and 417360.
940
What is the greatest common divisor of 10285 and 287254?
121
Calculate the greatest common factor of 255154 and 99101.
113
Calculate the highest common factor of 5995458 and 12393.
1377
Calculate the highest common factor of 177 and 659311902.
177
Calculate the highest common divisor of 4768 and 1982296.
1192
What is the greatest common factor of 46322284 and 5636?
5636
What is the highest common factor of 21789095 and 371?
53
Calculate the highest common divisor of 2982880 and 1184.
32
What is the highest common factor of 96750 and 248850?
450
Calculate the greatest common divisor of 84372130 and 160.
10
What is the greatest common factor of 3786510 and 3610?
190
What is the greatest common factor of 494 and 71894594?
38
Calculate the highest common divisor of 297776832 and 1510.
302
Calculate the highest common divisor of 38582 and 3614866.
382
Calculate the highest common factor of 121 and 432260400.
121
What is the highest common divisor of 48 and 38440776?
24
What is the greatest common factor of 94165 and 232104?
509
What is the greatest common factor of 30487900 and 100?
100
What is the greatest common divisor of 16926332 and 3215?
643
What is the highest common factor of 356120 and 795035?
145
Calculate the greatest common divisor of 490279 and 8289.
307
Calculate the highest common factor of 13362 and 737661.
393
Calculate the greatest common divisor of 62696416 and 432.
16
What is the highest common factor of 192831 and 17425?
17
Calculate the highest common divisor of 41072537 and 1149.
383
What is the greatest common divisor of 1130 and 1056146590?
1130
What is the greatest common factor of 189783 and 26412?
213
Calculate the greatest common divisor of 40451187 and 1302.
651
Calculate the greatest common divisor of 3004700 and 185.
5
Calculate the highest common divisor of 110786215 and 1135.
1135
Calculate the highest common divisor of 26079324 and 57.
57
Calculate the greatest common factor of 215856 and 13712.
16
What is the highest common factor of 10144 and 1042747408?
5072
What is the highest common divisor of 1792 and 20220032?
896
Calculate the highest common factor of 430 and 12228254.
86
What is the highest common divisor of 9144 and 161587688?
1016
Calculate the greatest common divisor of 127092 and 20800248.
1428
What is the highest common divisor of 49532 and 224924?
812
What is the greatest common factor of 24 and 4236756360?
24
What is the highest common divisor of 5363838 and 54?
18
What is the highest common factor of 24 and 279852?
12
What is the highest common divisor of 5550 and 23950470?
1110
What is the highest common factor of 700747 and 182227?
149
What is the highest common factor of 603 and 29747196?
603
Calculate the highest common divisor of 9718457 and 777.
259
What is the greatest common divisor of 49372329 and 68701?
2369
Calculate the highest common divisor of 16535561 and 168.
7
Calculate the greatest common factor of 5416 and 23266459.
677
What is the highest common divisor of 2578754 and 79154?
4166
What is the highest common factor of 1214 and 64586014?
1214
Calculate the highest common factor of 7 and 58514862.
7
Calculate the highest common factor of 267642300 and 40.
20
Calculate the highest common divisor of 1877906 and 862.
2
Calculate the highest common factor of 4128 and 121967952.
2064
What is the greatest common factor of 2028744 and 288?
72
Calculate the greatest common factor of 106 and 29558.
2
Calculate the greatest common divisor of 1091160 and 4760.
280
What is the highest common divisor of 599787543 and 2367?
789
What is the highest common divisor of 3792732 and 108?
12
What is the greatest common factor of 8775 and 3175?
25
Calculate the greatest common divisor of 57042998 and 933.
311
Calculate the highest common divisor of 56963676 and 9702.
3234
Calculate the highest common factor of 31610364 and 43784.
1684
What is the greatest common divisor of 1242083 and 28919?
239
What is the greatest common divisor of 7266 and 3317324997?
3633
What is the highest common factor of 1638 and 20208132?
126
What is the greatest common factor of 12282 and 5320242?
534
What is the greatest common factor of 80 and 4316744?
8
Calculate the greatest common divisor of 3278 and 6971866.
22
Calculate the highest common divisor of 135 and 3081798.
9
Calculate the greatest common factor of 97151577 and 3943.
3943
What is the greatest common factor of 14679 and 41065551?
2097
What is the greatest common factor of 18 and 276484?
2
What is the greatest common factor of 17547804 and 72?
36
What is the greatest common factor of 2967003 and 9441?
9
Calculate the highest common divisor of 85462 and 12402.
26
What is the greatest common divisor of 28 and 15106133?
7
What is the greatest common factor of 8937914 and 745?
149
What is the greatest common divisor of 243820 and 325580?
1460
Calculate the highest common divisor of 158 and 117153682.
158
Calculate the greatest common factor of 1632459 and 51.
51
What is the greatest common divisor of 20160 and 6979224?
168
What is the highest common factor of 496 and 29859944?
248
What is the greatest common factor of 1008 and 20262032?
112
Calculate the highest common factor of 1605516 and 2916.
12
Calculate the highest common factor of 36008 and 5833939.
643
Calculate the highest common factor of 470 and 10119805.
235
What is the greatest common factor of 1591184 and 39536?
112
What is the highest common divisor of 6075 and 892539?
243
Calculate the greatest common divisor of 1364 and 7667836.
44
Calculate the highest common divisor of 3520 and 16201240.
440
What is the greatest common factor of 32 and 1053776?
16
What is the highest common factor of 36 and 6968228?
4
Calculate the greatest common factor of 2570898 and 6523.
11
What is the highest common divisor of 3239472 and 3840?
48
Calculate the greatest common factor of 1237920 and 71520.
480
Calculate the greatest common factor of 66 and 34348820.
22
What is the highest common divisor of 3932724 and 8832?
276
What is the highest common divisor of 37388052 and 5460?
156
What is the greatest common factor of 15120 and 282362220?
3780
Calculate the highest common factor of 574 and 140260918.
574
What is the greatest common factor of 235865 and 6440?
805
Calculate the highest common divisor of 136 and 342024632.
136
Calculate the highest common divisor of 40200 and 59910.
30
What is the greatest common divisor of 1296 and 90864828?
324
Calculate the highest common divisor of 11 and 449045377.
11
Calculate the greatest common divisor of 9393 and 254419.
101
What is the greatest common factor of 63710 and 23920?
230
What is the highest common divisor of 10642 and 4390451?
313
Calculate the greatest common factor of 11084634 and 6534.
594
Calculate the highest common factor of 2710 and 247324085.
1355
Calculate the greatest common divisor of 59007294 and 8076.
4038
Calculate the highest common divisor of 29029 and 5959877.
2233
Calculate the highest common factor of 39160436 and 56.
28
What is the highest common divisor of 90681 and 677121?
543
What is the greatest common divisor of 473658 and 228819?
267
Calculate the greatest common divisor of 480491 and 144761.
361
Calculate the highest common factor of 1904 and 8963216.
272
Calculate the highest common factor of 18 and 3961326.
6
What is the greatest common divisor of 30 and 275616670?
10
What is the greatest common divisor of 801 and 2211739?
89
Calculate the greatest common divisor of 1031610 and 39658.
502
What is the highest common factor of 153 and 798303?
51
What is the highest common divisor of 13320 and 1833498?
666
Calculate the greatest common factor of 128 and 65861312.
64
What is the greatest common factor of 9661340 and 208?
52
What is the highest common divisor of 729374552 and 424?
424
What is the greatest common divisor of 15318 and 1170976?
1702
Calculate the greatest common divisor of 1201785 and 273.
39
Calculate the greatest common factor of 33705 and 246610.
35
Calculate the greatest common factor of 27139680 and 172960.
7520
What is the highest common divisor of 12260 and 266160?
20
What is the highest c